 -10*u + 5*c. What are the prime factors of u?
241
Let v = -51 - -470. What are the prime factors of v?
419
Let b be ((-16)/(-20))/((-4)/(-180)). List the prime factors of (1/(-3))/((-3)/b).
2
Suppose 0 = -23*a + 25*a + 250. Let h = -40 - a. What are the prime factors of h?
5, 17
Suppose 28*r + 1968 = 32*r. What are the prime factors of r?
2, 3, 41
Let l be (3 - (-4)/(-4))*1. Suppose 2*f + 5 + 22 = -3*p, -35 = l*f - 5*p. List the prime factors of (-182)/f - 8/60.
2, 3
Let t = 3433 - 2399. What are the prime factors of t?
2, 11, 47
Suppose 0 = 2*z - 3*c + 8, -2*z - 3*c = -27 + 11. Let l(v) = 3*v + 0*v**z - 1 - 5*v + 5*v**2 + 0*v**2. List the prime factors of l(2).
3, 5
Let w(m) = 20*m**2 + 5*m - 3. Let l be w(3). Let v = l - 130. List the prime factors of v.
2, 31
Let x(k) = 26*k**2 + 11*k - 27. List the prime factors of x(5).
2, 3, 113
Suppose -4*l = -2*l - 4. List the prime factors of 15/10*l + 90.
3, 31
Let a be (2 + -1)*4/(4/29). Suppose a = 6*t - 223. List the prime factors of t.
2, 3, 7
Let p(q) = -2*q**2 + 3*q**2 + 2*q + 3 + 3*q. Let k be p(-5). Suppose 6 = l - k. What are the prime factors of l?
3
Let t be 4 - 3/3 - -18. Let s be t/5 - 7/35. Suppose -48 = -4*y - s. List the prime factors of y.
11
Let x = -27 + 27. Suppose -3*v + 12 = x, 0*l + 2*v - 154 = -l. What are the prime factors of l?
2, 73
Let t be (-3 + (-5)/(-2))*-18. Let w(h) = -h**2 + 9*h + 15. What are the prime factors of w(t)?
3, 5
Suppose 0 = 4*t - t - 15. Suppose -t*j + 15 + 5 = 0, -20 = -4*w - j. Suppose 0 = -4*b + 3*i + 202, b + 4*i + 148 = w*b. List the prime factors of b.
2, 13
Let v(x) = x**3 + 14*x**2 - 15*x + 4. Let l = -47 + 32. Let h be v(l). Suppose 4*f - 5*y - 116 = -29, 0 = -h*f - y + 117. List the prime factors of f.
2, 7
Let h(u) = u**2 - 4*u + 32. Let i be h(0). Suppose a - i = -s, 3*s + s = -a + 134. List the prime factors of s.
2, 17
Let b(w) = -w**3 - 4*w**2 - 3*w - 2. Let q be b(-4). Suppose -450 = -15*j + q*j. What are the prime factors of j?
2, 3, 5
Let b be (34 + -42)*(-1)/2. Suppose 0 = -b*h - 2*o + 561 + 185, 0 = -2*h + o + 367. List the prime factors of h.
5, 37
Let v(d) = d**3 + 4*d**2 - 22*d + 6. List the prime factors of v(7).
17, 23
Suppose -2*k + 84 = r + k, 5*r - 420 = -2*k. Suppose -5 + r = j. List the prime factors of j.
79
Let a = -94 + 94. Suppose -3*z - 475 = -a*s - 5*s, -2*s = -2*z - 194. What are the prime factors of s?
2, 23
What are the prime factors of -11 + 0 + 4808 + (-1 - 1)?
5, 7, 137
Let v = 2191 + -1493. What are the prime factors of v?
2, 349
Let o be 10*(2 + 4 + -8). List the prime factors of 111/12 + (-15)/o.
2, 5
Let k be 79 - -1 - (-2 - 0). Suppose 5*t - k - 43 = -5*r, t - 3 = 0. Let g = r - 1. What are the prime factors of g?
3, 7
Let g(v) = 108*v**2 - 21*v**2 + 2*v + 1 + 55*v**2. Let r be g(-1). Suppose 3*q - 5*f + 2*f = 87, 5*q - 4*f = r. What are the prime factors of q?
5
Let x(k) = -28*k - 15. Let s be 10/(-4) - 3/6. What are the prime factors of x(s)?
3, 23
Suppose 3*t = 5*c + 2622, -3*t - 18*c = -22*c - 2622. List the prime factors of t.
2, 19, 23
Let o be (-2 - (-18)/2)*1. Suppose i + 7*k + 9 = 3*k, 0 = -2*i + 4*k + 18. Let x = o - i. List the prime factors of x.
2
Suppose 0 = -8*i + 3066 + 1150. List the prime factors of i.
17, 31
List the prime factors of (-10 - 430/(-15))*(-114)/(-4).
2, 7, 19
Suppose 0 = 3*m - 2*m + r + 72, 5*r - 400 = 5*m. Let b be 6/8 + (-171)/m. Suppose -119 = 5*c + 2*o - 396, 0 = 5*c - b*o - 297. What are the prime factors of c?
3, 19
Let o(h) = -224*h + 41. What are the prime factors of o(-5)?
3, 43
Let z(q) = -q**3 + 8*q**2 + 8*q - 21. Let c be z(8). Suppose 38*w - c*w = -80. List the prime factors of w.
2
Let a(z) = 36*z - 4. Let o be a(2). Let b = o + 0. Suppose i - 5*i = -b. What are the prime factors of i?
17
Let t(y) = -y**2 + 5*y - 4. Let a be t(5). Suppose 0 = -5*r - 11 + 131. Let k = a + r. What are the prime factors of k?
2, 5
Let k(j) = 136*j - 31. What are the prime factors of k(9)?
1193
Let v(o) = 8*o. Let s be v(5). Suppose 5*g + 44 + 12 = -4*h, 0 = -4*g - 2*h - s. List the prime factors of (-7 - g) + 37 + -1.
37
Let w(r) be the third derivative of r**6/120 - 3*r**5/20 - r**4/8 + 11*r**3/6 + 7*r**2. Let u be w(11). Suppose -10*j = -5*j - u. List the prime factors of j.
2, 11
Let s be 23/7 + (-24)/84. Suppose 3*d - 30 = -2*y, -13 = -2*d - s*y + 12. List the prime factors of d.
2
Let p(a) = a - 4. Let r be p(-4). Let q be 0*-2*(-4)/r. Suppose b - 5*b - 3*s + 107 = q, 5*b - 134 = -4*s. List the prime factors of b.
2, 13
Let k(t) = -6*t**2 + 4*t**2 - 9*t + 3*t**2 + 9. Let l = 98 - 87. List the prime factors of k(l).
31
Suppose -4*d + 50 = -2. Let h be ((-108)/(-14))/(2/14). Suppose 0 = 53*b - h*b + d. What are the prime factors of b?
13
Let h(v) = -v**3 - 10*v**2 + v + 12. Let o be h(-10). Suppose 5*z = -x + 19, -o*x + z - 23 = -3*x. What are the prime factors of (x/(-30))/((-2)/50)?
2, 5
Let s be (-2)/9 + 55/45. Suppose -s = 3*u + 5*z, -u - 4*z + 5*z = -13. List the prime factors of u.
2
Let f(v) = 3*v**3 + 2*v**2 - 21*v + 35. List the prime factors of f(8).
1531
Let j(x) = -98*x - 40. List the prime factors of j(-8).
2, 3, 31
Suppose 115 = -3*t - 5*f, -4*f - 43 = t - 7*f. What are the prime factors of ((-9)/(-2))/((-4)/t)?
3, 5
Let a(h) = 0 - 3 + 0*h + 0 - h. List the prime factors of a(-6).
3
Let h = -760 - -941. List the prime factors of h.
181
Let h(k) = -k**3 - 5*k**2 - 2*k - 1. Suppose -3*m + 0 - 7 = 4*f, f = 4*m + 3. Let g be m/(-4*(-4)/80). What are the prime factors of h(g)?
3
Let n = -137 - -477. Suppose -2*v = 2*v - n. Let d = -52 + v. List the prime factors of d.
3, 11
Let o(x) = 77*x**2 + 9*x - 61. List the prime factors of o(6).
5, 7, 79
Let r be -109 - (2 + (-1 - 3)). Let k(f) = -5*f**2 + 6*f. Let x be k(-5). Let l = r - x. List the prime factors of l.
2, 3
Let f = -22 - -218. Suppose 3*r = o + f, 16 = r + 4*o - 58. Suppose 5*p = r + 154. What are the prime factors of p?
2, 11
Suppose -4*n + 140 = 2*d, 4*d = 8*d - 2*n - 270. Let s = d - 41. List the prime factors of s.
3
Let m be -1 + (-3 - -146)*1. Suppose 0 = 5*s + 7 - m. Suppose s + 45 = 2*w. What are the prime factors of w?
2, 3
Let q be (-4)/(-12)*-1*9. Let t be 6/q - (3 + 1). Let b = t - -14. What are the prime factors of b?
2
Let s = 524 - 228. List the prime factors of s.
2, 37
Let y be ((-4 - -9) + -2)/(6/4). Suppose 0 = y*p - 2*z - 160, 4*z + 108 = 2*p - 46. What are the prime factors of p?
83
Let t(d) = d + 20. Let f be t(0). Suppose 0 = 3*r + 32 - f. List the prime factors of r/6 - 38/(-3).
2, 3
Let j = -4210 - -7051. What are the prime factors of j?
3, 947
Suppose -29*t = -28*t - 314. What are the prime factors of t?
2, 157
Let s be 27/6 - (-3)/6. Suppose -3*y - s = -4*a, -5*y + 9 = 4*a - 4*y. What are the prime factors of a?
2
Suppose -12 + 8 = -o. Suppose -3*t + 285 = 2*a, -o*a - 5*t + 887 - 312 = 0. What are the prime factors of a?
2, 3, 5
Let d = -580 + 1485. List the prime factors of d.
5, 181
Suppose 2*u - o + 26 = 0, -3*u - 24 = 4*o + 26. Let l = u + 362. What are the prime factors of l?
2, 3, 29
Let g(l) = l**2 - 13*l + 4. Let o be -1*1/1*11. Let a = o + 24. What are the prime factors of g(a)?
2
Let c(h) = h + 4. Let b be c(-9). Let p be (6/(-1))/(b/15). What are the prime factors of ((-45)/p)/((-2)/4)?
5
What are the prime factors of 2/(-17) + (34144/(-34))/(-2)?
2, 251
Let l be 2/(-8) - 1/(-4). Suppose -o = 4*p - p, l = o - 3*p. Suppose -2*x + 5*x - 108 = o. List the prime factors of x.
2, 3
Let p(l) = 11*l**2 - l. Let w be p(1). What are the prime factors of (w/6)/((-13)/(-156))?
2, 5
Let h = 68 - 63. Suppose 512 = 4*t - 2*d + d, 3*t + h*d - 384 = 0. List the prime factors of t.
2
Let x be (-24)/20*10/(-4). Let v be 4*4/8*x. What are the prime factors of v - (-3 - -3)/(-3)?
2, 3
Suppose 3*p - 3 = 4*y, -2*p + 4*p + 5 = 5*y. Suppose -2*s + s - b + 130 = 0, 2*s - 239 = p*b. List the prime factors of s.
127
Let b(k) = -k**3 + 7*k**2. Let o be b(7). Let n(j) = -6*j - 34. Let p(i) = 5*i + 35. Let y(z) = 3*n(z) + 4*p(z). List the prime factors of y(o).
2, 19
Suppose 758 = 4*d + 2*j, -3*d + 8*d + 2*j = 946. List the prime factors of d.
2, 47
Suppose 31*w - 10 = 29*w. Suppose -2*f + 606 = -x + w*x, -4*f = -x - 1194. List the prime factors of f.
13, 23
Let q = 196 - 159. What are the prime fa